omposite?
False
Let w(n) = 97*n - 4. Is w(5) prime?
False
Suppose 0 = -3*d - d + 24. Let b(h) = h**2 + 2*h - 7. Let t be b(d). Suppose -c - 5*r + 5 = -1, 2*r + t = c. Is c a composite number?
False
Let b = -1 - -6. Let j(h) = -h**3 + 5*h**2 + 2*h - 7. Let k be j(b). Suppose -z - k*z + 100 = 0. Is z a prime number?
False
Let n = 5 + 5. Suppose 5*h - 2*y + 0*y = -32, 0 = h - 4*y + n. Is (-6)/(-4)*(-212)/h prime?
True
Suppose 0 = -c - c + 84. Suppose r + 4 = 4*l + 17, -l = 4*r - 18. Is (r/(-2))/((-3)/c) prime?
False
Let c(h) = -6*h**3 - 3*h + 2. Let u(g) = g**3 - g + 1. Let v(t) = c(t) - 2*u(t). Let n be v(-1). Let r = n - -6. Is r prime?
False
Let v(n) be the first derivative of -n**3/3 - 3*n**2/2 + 2*n + 4. Let u be v(-3). Suppose 3*i - 223 = u*i. Is i prime?
True
Suppose 3*k = h + 2894, 4*h + 4*k + 2444 + 9052 = 0. Let b = h - -5033. Is b/42 + 2/(-7) a prime number?
False
Let m be -139*3/(6/50). Is 2/(-9) - m/45 a composite number?
True
Let r(f) = 4*f**3 - 2*f**2 + f + 2. Is r(3) prime?
False
Let m be ((-33)/(-9))/((-2)/6). Let w = 48 + m. Is w a composite number?
False
Suppose 4*u + 11 - 3 = 0. Let d = -13 + u. Let v = 29 + d. Is v prime?
False
Let y be (-69)/(-2)*258/9. Let p be y/7 - (-16)/(-56). Suppose -2*b = u - p, -4*u + 4*b = -3*u - 135. Is u prime?
True
Let p = -43 + 133. Suppose p - 15 = 5*q. Is q a composite number?
True
Let b be (-2)/(-4)*0/(-1). Suppose -x + 6*x = 4*r + 149, b = 2*x - r - 62. Is x composite?
True
Let k = -6 + 11. Let t = -3 + k. Suppose 30 = g + t*g. Is g a composite number?
True
Suppose -4*f + 6077 - 1518 = -s, -5*s - 2257 = -2*f. Is f a composite number?
True
Suppose -6 = -2*d - d. Is 3*d*(-33)/(-6) prime?
False
Suppose 156 = 5*x - 289. Is x a prime number?
True
Let z(w) = 6*w**2 + 7*w. Let g(u) be the third derivative of -u**6/120 - u**5/60 - 5*u**3/6 - u**2. Let q be g(0). Is z(q) composite?
True
Is 156 - (2 - 0)/(-2) a prime number?
True
Let c(x) = 17*x + 21. Is c(8) composite?
False
Suppose 0 = -5*f + s + 27, -f = -2*s - 4 - 5. Let i = f + 4. Is i composite?
True
Is (-5)/(-2)*(-5 + 183) prime?
False
Let g = 272 - 49. Is g a composite number?
False
Suppose -9*w + 5*w = 0. Suppose -3*y + 2*y + 47 = w. Is y a composite number?
False
Suppose 2*o + 2*o = l + 1025, 6 = 2*l. Suppose -n + o = i, -5*i - n = -0*n - 1269. Is i composite?
True
Suppose -h = s - 1 - 14, -2*s = -5*h - 9. Let v = s - 6. Is v a composite number?
True
Let j be 1 + 616/4 - 2. Let f = j - 68. Is f prime?
False
Suppose g = 1 + 2. Suppose g*u + 0*u = 63. Is u a composite number?
True
Let h(q) = 105*q + 7. Let w be h(7). Suppose 2*d + 1 = 9. Suppose -122 = d*x - w. Is x a composite number?
True
Suppose 3*r - n = 13802, 5*r + 5*n - 13808 = 2*r. Is r a prime number?
False
Suppose -20 = 2*v + 2*v, -4*u - 2*v + 2298 = 0. Suppose -g + 1448 = 3*g. Let p = u - g. Is p prime?
False
Let s(t) = 29*t + 15. Is s(4) prime?
True
Let v = 5124 - 2975. Is v prime?
False
Let s = -49 + 32. Let c = 30 + s. Is c prime?
True
Is (-1097)/(-7) - 10/(-35) a composite number?
False
Let n be 0 + 48 - (-2)/1. Let p be 5/(n/(-44))*-5. Suppose p + 22 = 4*o. Is o a composite number?
False
Let u(m) = -2*m - 3. Let p be u(-4). Suppose -2*l - 1 = p. Is 2/l*57/(-2) prime?
True
Is ((-1)/(-3))/((-6)/(-846)) a composite number?
False
Suppose -10 = 4*g - 9*g. Let b be g + 1 + 0 + 1. Suppose -5*p = -b*p - 10. Is p prime?
False
Let a(j) = -25*j + 1. Let g be a(-3). Let z be 46 - (-2 + -3 + 9). Let i = g - z. Is i a prime number?
False
Let m(w) = -14*w - 5. Let i be (-1 + -3)/(2/2). Is m(i) a prime number?
False
Let k(a) = a**3 - 5*a**2 - 5*a - 3. Let i be k(-4). Let w = 28 - i. Is w a prime number?
False
Suppose 0 = -5*y - 6*o + 3*o + 8, 3*o + 12 = 0. Suppose -2*n = -8 - 6. Let j = n - y. Is j a prime number?
True
Suppose -u - 12 = 2*j + 13, 3*j + 33 = -3*u. Let y = j + 24. Is y prime?
False
Is ((-3)/12)/((-2)/(-4))*-1238 composite?
False
Suppose 5*w + 4*o + 1696 = 0, 3*w + 5*o + 865 + 163 = 0. Let a(i) = -i**3 - 4*i**2 + i + 5. Let u be a(-4). Is 1/u + w/(-4) a prime number?
False
Suppose 4*s = 24 + 24. Suppose 4*x + s = 0, -m - 2*x - 2*x = -22. Is m prime?
False
Let z be (16/(-20))/((-2)/15). Let g(p) = p**3 + 8*p. Let f be g(z). Let i = -179 + f. Is i a prime number?
False
Suppose -175 = -3*w - 2*w. Is w a prime number?
False
Let n(u) = -u + 5. Let m be n(3). Suppose h = -3*h - 5*d + 313, m*h - 153 = d. Is h composite?
True
Is 10/(-2) - (-16170)/7 a prime number?
False
Let j(b) = -236*b + 3. Is j(-1) prime?
True
Is (-13870)/20*(-2)/(0 - -1) a composite number?
True
Let z be 1 - (4 - 2) - 14. Let f = -1 - z. Is f a prime number?
False
Let m = 16082 + -10893. Is m a composite number?
False
Let n = -13 + 48. Is n prime?
False
Is -2*295*(-2)/(-4)*-1 composite?
True
Let w be (-6)/15 - 85/(-25). Suppose 7*v - 3*v = -5*y - 20, 5 = -4*y - v. Suppose -w*i + y*i + 186 = 0. Is i prime?
False
Let h(n) = 123*n**3 - n**2 + n. Let f be h(1). Suppose 3*c + 5*o = f + 115, 5*c - 2*o - 345 = 0. Is c composite?
False
Let p be 2/(-4)*(1 + -11). Suppose p*y + 20 = 0, 0*y + 20 = 2*a - 2*y. Is -3 + 4 + a*15 a composite number?
True
Suppose 5*g = 2063 - 598. Is g composite?
False
Let r = -2 + 4. Let q = 15 + -11. Suppose r*j = -3*b + 101, q*b - 8*b + 5*j = -104. Is b a composite number?
False
Is 108 - (2/(-2) - 2) composite?
True
Let q be (4/6)/(4/18). Let l(c) = 4*c**2 - c**3 + 3*c**3 - q*c - c**3 - 3. Is l(-4) composite?
True
Let z = 368 + -157. Is z a prime number?
True
Is (2 + -3)/(8/(-6808)) a composite number?
True
Let f = -70 + 233. Suppose -t + 259 = -f. Is t a prime number?
False
Let u be 3/((-3 - -1)/(-2)). Suppose -4*b - 4*s = -196, -b + u*s - 25 = -66. Is b a composite number?
False
Let f = -101 - -159. Suppose 4*k + 3*x = f, 3*x + 3 - 22 = -k. Is k prime?
True
Let r = 1 - -2. Suppose -l = r*l - 28. Is l composite?
False
Let d = 5 + -1. Suppose 4 = 4*c - d. Is (-27)/(-2) - c/(-4) a prime number?
False
Let t(x) = 54*x + 1. Suppose -4*l + 10 = -2*r, l = 4*r - 10 + 2. Is t(r) prime?
True
Let b(a) = 6*a**3 - 7*a**2 + 9*a - 15. Is b(4) composite?
False
Is (-1674)/(-4) + (-6)/4 a composite number?
True
Is -1671*(-15)/(-6)*8/(-20) a prime number?
False
Let g(v) = -v**3 + 24*v**2 - 22*v + 26. Is g(21) a prime number?
True
Suppose 0*q = -t - 4*q - 17, q + 14 = 3*t. Suppose 5 - t = c. Suppose a - 258 = -c*a. Is a composite?
True
Let f(j) = 61*j**2 - 3*j - 11. Is f(-2) composite?
False
Let h = -172 - -415. Suppose -6*w + 3*w = -h. Suppose -r + 284 = w. Is r a composite number?
True
Let f(h) = 6*h + 2. Let i(t) = 5*t + 2. Let o(z) = 3*f(z) - 4*i(z). Let k be o(-3). Suppose -k*p + p + 213 = 0. Is p a composite number?
False
Let k = -62 - -88. Is k prime?
False
Let k(y) = 117*y - 80. Is k(23) a prime number?
False
Suppose -4*w - 8 = -5*w. Is (-422)/(-8) + 2/w a prime number?
True
Let s = -504 + 841. Is s a composite number?
False
Suppose -130 = 2*g - 744. Is g a composite number?
False
Let q(u) = 219*u**2 + 3. Is q(2) a composite number?
True
Let t(z) = z + 4. Let j be t(0). Suppose 0 = -4*k + j + 504. Is k composite?
False
Let c(o) = o**3 - 9*o**2 - 8*o - 11. Is c(20) prime?
True
Let q be (3 + -1)/((-8)/516). Let o = 256 + q. Is o a composite number?
False
Is ((-284)/(-8))/((-2)/(-4)) prime?
True
Let g = 3 - 6. Let r be ((-26)/g)/((-2)/(-3)). Let m = 18 + r. Is m prime?
True
Let w(b) = 15*b**2 - 4*b + 2. Let y be w(-4). Suppose -2*r = -2*l - y, 0 = -2*r + 5*l + 146 + 118. Is r composite?
False
Let n be (-5)/15 + (-10)/(-3). Let v be (0 - n/(-6))*0. Suppose v*p - p + 67 = 0. Is p composite?
False
Let s be ((-74)/(-3))/(1/(-3)). Let c be s/(-3) - (-4)/12. Suppose -59 - c = -4*i. Is i composite?
True
Let d(y) = -2 + 2 - 11*y + 12*y - 1. Let x be d(1). Suppose 4*l = 3*l - k + 253, x = 3*l - 3*k - 783. Is l a composite number?
False
Is 6/(-4) - (0 + 1124/(-8)) a prime number?
True
Let d(j) = 0*j + j - 4*j**2 + 5*j**2 + 3. Let u be d(0). Suppose -4*b + 385 = -u*t, -97 = -2*b - 2*t + 99. Is b a composite number?
False
Suppose 2*d = 5*d - 357. Is d composite?
True
Let o(u) = u**3 + 3*u**2 - 2. Let d be o(-2). Is (150/4 - d)*2 a prime number?
True
Let c(s) = -2*s**3 - 10*s**2 + 20*s - 3. Is c(-10) composite?
False
Let v = -11 - -10. Is (2 - 55)/(v/2) prime?
False
Is -22*(-4)/((-24)/(-15)) composite?
True
Suppose j 